(0). Suppose -44 = -2*w - 3*a, -2*w - 5 = -5*a - k. Is w a composite number?
False
Suppose -2*m - 5*s + 133 = 0, 4*m + 4*s = 3*m + 68. Suppose -h - 4*h - 153 = -3*f, -f - 2*h = -51. Let a = f + m. Is a composite?
True
Let q(o) = -57*o + 54. Is q(-5) composite?
True
Suppose 3*g - 304 = 7*g. Let t = 73 - g. Suppose -3*k + 298 = -t. Is k prime?
True
Let d(t) = 15*t**2 - 31*t + 14. Let q(m) = -7*m**2 + 15*m - 7. Let a(l) = 6*d(l) + 13*q(l). Is a(6) a composite number?
False
Is (-1740)/(-3) + 4 + 3 a prime number?
True
Let n be (-226)/(-7) + 4/(-14). Suppose -n = -4*z - 4*j, z + 12 = 2*z + 2*j. Is z a composite number?
True
Is (2 + 5680)*(-1 - 9/(-6)) prime?
False
Let s(d) = 150*d - 4. Is s(9) a prime number?
False
Suppose -3*o = -5*j + 72, -9 = -2*j - 2*o + 7. Suppose -3*a + 2 = -5*m + j, -3*m + 6 = 2*a. Suppose -m*v = -9 - 5. Is v prime?
True
Let g(w) = -4 - 7*w**3 + 3*w**2 + 5*w + 15 + 0*w**3. Let v(s) = 3*s**3 - s**2 - 2*s - 5. Let z(x) = -2*g(x) - 5*v(x). Is z(-3) a composite number?
True
Suppose 2*o - 6*o - 24 = 0. Let i be o/15 + 22/5. Let p = i + 53. Is p a composite number?
True
Let z(a) = -a**3 + 5*a**2 - 5*a - 5. Let v be z(5). Is (1692/v)/((-2)/5) a prime number?
False
Suppose 1 = -2*n - 11. Let o be (-3)/(-2) + (-213)/n. Suppose 0 = 2*q - 7 - o. Is q composite?
True
Let f(k) be the first derivative of 4*k**2 - 9*k - 6. Is f(4) composite?
False
Let s be (-3)/(-5) + 144/(-15). Let b(o) = 2*o**2 - o - 2. Let r be b(-3). Let t = r + s. Is t a prime number?
False
Let y be 6 + -5 - -1*1. Suppose -y*t + 288 + 238 = 0. Is t a composite number?
False
Let l(t) = 4*t**2 + 6*t + 2. Let g be l(-4). Suppose 5*z + h = 5*h + 70, 3*z - g = -4*h. Is z a composite number?
True
Suppose -4*d = 4*z + 290 - 1006, 5*z - 907 = -2*d. Suppose 0 = 5*i - 5*m - 795, -m = i + 4*m - z. Is i composite?
False
Let p(r) = 21*r - 2. Let h(y) = -64*y + 6. Let f(t) = -4*h(t) - 11*p(t). Is f(9) a composite number?
False
Let m(t) = 2*t**3 + 10*t**2 + 6*t + 1. Let v(r) = -r**3 - r**2 + 1. Let g(k) = m(k) + v(k). Suppose 2*x - 5*f + 2 = 0, 3*x + 2*f + f = -24. Is g(x) composite?
True
Let f = -18 + 30. Suppose -2*j = -s - 1 + f, 12 = 2*s - 2*j. Is (-4)/s + 2 + 12 a prime number?
False
Let y be 0*(-1)/2*-1. Is y/(-1) + (83 - 4) a prime number?
True
Let i(c) = c**2 - 2. Let s be i(2). Suppose 4 = -4*f + s*f. Is 5*4 + f/2 prime?
True
Suppose 0 = 4*y - 2*y + p - 94, 47 = y + p. Is y a prime number?
True
Let p be -4*3*(-102)/8. Suppose -2*s - j = -p, -4*s + 285 = 5*j - 6. Is s a composite number?
False
Suppose 20 = 4*s - 4*y, 0 = 2*s - s - 3*y - 5. Suppose 0*l + 197 = l + s*t, -2*l = 3*t - 422. Is l composite?
True
Is (0 - -1)*(33 + 0) composite?
True
Suppose -2*l = 22 - 0. Let q(d) = -d**3 - 11*d**2 - 4*d + 9. Is q(l) a prime number?
True
Is 0/(-2 + 0) + 211 composite?
False
Suppose 2*f + 3 = -2*v - 81, 4*v + 152 = 4*f. Is (-1304)/v + (-2)/(-5) prime?
False
Suppose -8 = -l + 15. Is l a composite number?
False
Let f(x) = -55*x + 6*x - 29*x - x. Let u be f(3). Let o = 394 + u. Is o prime?
True
Is (4/(-8))/(4/(-1072)) a prime number?
False
Let k = 94 - 17. Is k a composite number?
True
Let l = -1954 + 878. Let q = -2180 + l. Is (-1)/(-5) - q/20 a composite number?
False
Is 6/(-45) + (-3548)/(-60) composite?
False
Suppose -z - 285 = -6*z. Is z prime?
False
Suppose -3832 = -2*v - 6*v. Is v prime?
True
Suppose 1751 = 4*x + 43. Let l = -164 + x. Is l a composite number?
False
Let u(o) = -412*o - 1. Is u(-1) a prime number?
False
Suppose 4*k + 66 = 2*l, k - 59 = -3*l - 3*k. Suppose 3*q = 5*u + 212 - l, -3*u + 219 = 3*q. Is q a prime number?
False
Suppose 0 = -u + 5 - 1. Let v be (u - 0)/(2/2). Suppose 0 = -i + 3*i + v*k - 28, 3*k = -5*i + 98. Is i prime?
False
Suppose 0 = -4*w - w - 75. Let b be (-5)/(w/(-207)) - 0. Let i = b - -100. Is i prime?
True
Is ((-108)/16 - 1)/(3/(-12)) composite?
False
Let u(p) be the second derivative of -3*p**3 - 5*p**2/2 - 3*p. Is u(-4) composite?
False
Suppose -2*h + 3*h + p - 417 = 0, 0 = 2*h - 5*p - 848. Is (h - -3) + 2 + -2 a prime number?
False
Let g = 92 - -181. Suppose z = g - 10. Is z prime?
True
Let v(b) = 1400*b**2 + 3*b + 2. Is v(-1) a composite number?
False
Let v = 93 - 46. Let k = v + -79. Let d = 69 + k. Is d a composite number?
False
Let f(h) = -h**3 + 7*h**2 - 6*h - 12. Let k be f(-8). Suppose 19 + k = 5*y. Is y a prime number?
False
Let l(c) = 3*c**2 - 7*c - 4*c**2 - 3 - c - 7*c. Is l(-6) a prime number?
False
Let d(r) = -330*r**3 + 2*r + 1. Is d(-1) prime?
False
Let a(b) = -b**2 - b + 1. Let l(o) = -4*o**2 + 10*o + 12. Let n(c) = -3*a(c) + l(c). Let w be n(10). Let r = -4 + w. Is r prime?
False
Suppose 5*w = 3900 + 3635. Is w prime?
False
Suppose -q + 2*q = -4. Let g be -4 + 2 + q + 0. Is 2/g + 43/3 a composite number?
True
Let n = 13 - 7. Let a = n - -79. Is a a composite number?
True
Let n be (10/(-15))/((-1)/(-15)). Is (n/(-8))/(5/460) prime?
False
Let k be 2176/10 + (-30)/50. Let i(r) = r**3 - r**2 - 2. Let o be i(-5). Let d = k + o. Is d composite?
True
Let i = 609 + -232. Is i composite?
True
Suppose 0*t = t + 2*y - 99, -4*y - 129 = -t. Is t prime?
True
Is 4 + 2951 + 0 + 2 prime?
True
Let m = 7 + -7. Is (m + -1)/(2/(-158)) a composite number?
False
Suppose -4*d + 5*i + 3 = 0, d - 2 + 5 = 5*i. Suppose -2*j + 148 = -4*m, 2*j + m - 148 = -d*m. Is j a prime number?
False
Let c be (-3)/(2 + (1 - 4)). Suppose c*r - 7*r + 92 = 0. Is r a prime number?
True
Let v(m) = -3*m**3 + m. Let l be v(-1). Suppose 5*f = l*c + 1889, c - 4*c - 1514 = -4*f. Is f a prime number?
False
Suppose 0 = 3*f - 3*y - 18, -4*f + 3*y + 15 = -11. Suppose 0 = -3*x + f + 4. Is (-3884)/(-28) - x/(-14) prime?
True
Let k(o) = -o + 2. Let w(s) = -2*s + 3. Let g(b) = -5*k(b) + 2*w(b). Let h be g(7). Suppose 4*c - 9 - h = 0. Is c prime?
True
Let m = 5099 - 2322. Is m a prime number?
True
Let p be 2/7 + 33/7. Let g(w) = 5*w - 1 + 3*w**2 + p*w**2 - 3*w**2. Is g(-4) composite?
False
Suppose 5*u + 300 = -4*w, -u + 0 - 4 = 0. Let d = w + 122. Suppose -2*b + 3*v + 7 + d = 0, 25 = 5*v. Is b a prime number?
True
Is -3 + (1 + 11)*21 a prime number?
False
Let o be (10 - 9)*(3 + -1). Suppose 2*i + o*i - 308 = 0. Is i composite?
True
Let b = 841 - 1474. Let n = 1004 + b. Is n composite?
True
Is -1 + -2 + 44 + -4 a composite number?
False
Let k = 204 + 127. Is k a prime number?
True
Suppose 0*h = -2*h + 68. Suppose -2 = x - 4. Suppose -4*s + h = x*g, 3*s = 2*g - g - 22. Is g prime?
True
Suppose -x + 29 = x - 3*m, 3*m + 50 = 5*x. Suppose -4*n - x = -15. Suppose 2*l - 66 = q, -2*l + 70 = -n*q - 0*q. Is l prime?
True
Suppose -6*r + 50 = -r. Is r/6*42/2 composite?
True
Suppose -2*w + 3*n + 328 = 116, -323 = -3*w + 2*n. Is w composite?
False
Let l = 967 + -214. Is l a composite number?
True
Let i(m) = 268*m**2. Let k be i(1). Suppose k = -6*f + 2*f. Is f/(-5) + (-2)/5 a prime number?
True
Suppose 3*v - 4*j = -9*j + 4248, -3*v = -2*j - 4227. Is v a composite number?
True
Let o(c) = 38*c + 1. Let g = 3 + 2. Is o(g) prime?
True
Suppose -g - 98 = 5*a - 637, 4*a = -5*g + 2779. Is g a prime number?
False
Let f = -969 + 488. Let k be (126/4 + -3)*-24. Let j = f - k. Is j a composite number?
True
Let m(f) = -f + 2. Let l be m(-3). Suppose u + l*b - 109 = 0, 33 = u - 2*b - 48. Is u a prime number?
True
Let n(d) = 5*d - d**3 - 3 - 4*d**2 - 5*d - 6*d. Let r be n(-4). Suppose -3*i = 2*a - 51, -3*a = 2*i - 4*i + r. Is i a prime number?
False
Let q(i) = -3 - 60*i + 2 + 2. Let d(r) = r**2 + 5*r + 2. Let x be d(-4). Is q(x) a composite number?
True
Is (14/(-28))/(0 + 2/(-1208)) a prime number?
False
Let i(u) = 7*u**3 + 5*u**2 + 4*u - 2. Let y(x) = -x**3 - x. Let t(c) = i(c) + 6*y(c). Suppose p + 4*l - 1 - 4 = 0, -l - 13 = 5*p. Is t(p) prime?
False
Suppose -3*c + 328 + 227 = 0. Is c a composite number?
True
Let t(x) = -110*x**2 - 2*x + 1. Let c be t(1). Let a = 33 - 67. Let s = a - c. Is s a prime number?
False
Let g(d) = 5*d**2 + d + 13. Is g(-3) prime?
False
Let s = 16 + -9. Let a = s + -4. Is 145 - (0 - a) - 3 a composite number?
True
Suppose w + 3*w = 20. Let i(n) = 8*n - 3. Is i(w) a composite number?
False
Suppose 28 = k + 22. Is k a prime number?
False
Let n(s) = -6*s - 19. Let m(j) = -3*j - 10. Let i(k) = -11*m(k) + 6*n(k). Is i(-5) composite?
False
Suppose -m - 7*u - 493 = -2*u, -4*m + 3*u = 2041. L